{"id":48,"date":"2019-06-25T09:39:55","date_gmt":"2019-06-25T09:39:55","guid":{"rendered":"http:\/\/muehlenmuseum-steinmuehle.de\/?page_id=48"},"modified":"2019-06-25T09:40:59","modified_gmt":"2019-06-25T09:40:59","slug":"fuehrung-light","status":"publish","type":"page","link":"https:\/\/muehlenmuseum-steinmuehle.de\/?page_id=48","title":{"rendered":"F\u00fchrung &#8222;light&#8220;"},"content":{"rendered":"<div class=\"page-header\"><\/div>\n<div>\n<p>Die Steinm\u00fchle bei Schorbach ein lebendiges Ausflugsziel!<\/p>\n<p>Ein Wanderweg von Oberaula zum Sebbelsee bei Ottrau f\u00fchrt an den Geb\u00e4uden der Steinm\u00fchle vorbei. Schon von weitem sieht man die wenigen H\u00e4user, es sind f\u00fcnf, die sich am Zusammenfluss von Schorbach und Grenf in das Tal ducken. Beim n\u00e4her kommen stellt man fest, dass es sich um drei ehemalige landwirtschaftliche Geh\u00f6fte und zwei Wohnh\u00e4user handelt. Auf der R\u00fcckseite eines Hauses dreht sich bed\u00e4chtig ein M\u00fchlrad mit oberschl\u00e4chtigem Antrieb.<br \/>\nEs handelt sich um eine M\u00fchle, die noch bis zum Jahre 1978 als Lohnm\u00fchle gearbeitet hat. Nach der Stilllegung wurde sie vom heutigen Besitzer Konrad Kurz \u00fcberarbeitet und restauriert und steht seit 1987 unter Denkmalschutz. Sie ist noch voll funktionsf\u00e4hig und kann in ihrem Betrieb vorgef\u00fchrt und besichtigt werden.<\/p>\n<p>Die M\u00fchle wurde 1592 zum ersten Mal erw\u00e4hnt. Seit 1850 ist sie im Besitz der Familie Kurz. Der Vater von Konrad Kurz hat die M\u00fchle 1927 umgebaut und die Mahlsteine durch Walzenst\u00fchle ersetzt. Das Getreide der Landwirte wurde gegen Lohn gemahlen und als Mehl, Schrot oder Grie\u00df auf dem mit Pferden bespannten \u201eM\u00fcllerwagen\u201c in die umliegenden D\u00f6rfer zur\u00fcck geliefert.<br \/>\nSeit dem Jahr 1880 war der M\u00fchle eine S\u00e4ge angegliedert, die ebenfalls vom M\u00fchlrad angetrieben wurde. 1940 wurde diese S\u00e4ge zu einem Vollgatter mit mehreren S\u00e4gebl\u00e4ttern ausgebaut und dazu eine Werkstatt angegliedert, die es erm\u00f6glichte, alle Wartungsarbeiten an der S\u00e4ge und in der M\u00fchle selbst auszuf\u00fchren. Der damalige M\u00fcller Martin Kurz erstellte die Erweiterung des S\u00e4gegatters und einige der Werkstattmaschinen in Eigenarbeit. So ist das S\u00e4gegatter ein absolutes Unikat, das man in keinem S\u00e4gewerk sonst sehen kann. Unter anderem wurden alte Auto- und Motorradgetriebe zum Einbau in die Werkstattmaschinen genutzt, die bis zum heutigen Tage \u201ewie geschmiert\u201c laufen.<br \/>\nIm Jahr 1928 wurden zwei Dieselmotoren angeschafft, die die M\u00fchle bei wenig Wasserf\u00fchrung von Grenf und der Schorbach unterst\u00fctzten. Bereits im Jahre 1963 musste die unterhalb der heutigen gelegene zweite M\u00fchle der Familie Schulthei\u00df stillgelegt werden. Im Jahr 1968 \u00fcbernahm Konrad Kurz die M\u00fchle von seinem Vater. Er hat das M\u00fcllerhandwerk von Grund auf gelernt und die M\u00fchle noch zehn Jahre weitergef\u00fchrt bis sich nach zwei schlechten Erntejahren der Betrieb nicht mehr rentierte.<br \/>\nInzwischen ist die M\u00fchle ein lebendiges Museum geworden. Alle Ger\u00e4te sind voll funktionsf\u00e4hig und werden zu Vorf\u00fchrungszwecken gerne in Betreib genommen und erkl\u00e4rt.<br \/>\nIm Februar 2001 wurde ein F\u00f6rderverein gegr\u00fcndet, der es sich zum Zweck gemacht hat, die Familie kurz bei der Erhaltung dieses einmaligen Museums zu unterst\u00fctzen. Eine seiner Aufgaben ist die Ausrichtung des M\u00fchlenfestes, das jedes Jahr am Deutschen M\u00fchlentag, dem Pfingstmontag, stattfindet. An diesem Tag gibt es st\u00fcndlich kostenlose M\u00fchlenf\u00fchrungen und man kann bei guter Bewirtung und Unterhaltung f\u00fcr Gro\u00df und Klein eine sch\u00f6ne\u00a0 Zeit verbringen und die romantische Umgebung auf sich wirken lassen.<br \/>\nDie Au\u00dfenanlage der Steinm\u00fchle (S\u00e4gewerk und Wasserrad) kann zu jeder Zeit frei besichtigt werden. Die Besichtigung der gesamten Anlage (S\u00e4gewerk, Reparaturwerkstatt, Wasserrad u. Getreidem\u00fchle) ist nach Absprache m\u00f6glich. F\u00fchrungen sind f\u00fcr Gruppen ab 10 Personen nach Voranmeldung m\u00f6glich. Der Preis f\u00fcr die ca. 40 min\u00fctige F\u00fchrung betr\u00e4gt 2,50\u20ac pro Person.<br \/>\nWeiterhin kann nach vorheriger Absprache eine Kaffeetafel mit \u201eSchw\u00e4lmer Blechkuchen\u201c bzw. eine herzhafte Wurstvesper angeboten werden.<\/p>\n<\/div>\n<p><a href=\"http:\/\/muehlenmuseum-steinmuehle.de\/wp-content\/uploads\/2019\/06\/Die_Steinmhle_bei_Schorbach_-_von_Lehrer_Mller.pdf\">F\u00fchrung &#8222;light&#8220; als pdf<\/a><\/p>\n","protected":false},"excerpt":{"rendered":"<p>Die Steinm\u00fchle bei Schorbach ein lebendiges Ausflugsziel! Ein Wanderweg von Oberaula zum Sebbelsee bei Ottrau f\u00fchrt an den Geb\u00e4uden der Steinm\u00fchle vorbei. Schon von weitem sieht man die wenigen H\u00e4user, es sind f\u00fcnf, die sich am Zusammenfluss von Schorbach und Grenf in das Tal ducken. Beim n\u00e4her kommen stellt man&#8230;<\/p>\n<p> <a class=\"continue-reading-link\" href=\"https:\/\/muehlenmuseum-steinmuehle.de\/?page_id=48\"><span>Weiterlesen<\/span><i class=\"crycon-right-dir\"><\/i><\/a> <\/p>\n","protected":false},"author":1,"featured_media":0,"parent":0,"menu_order":0,"comment_status":"closed","ping_status":"closed","template":"","meta":{"footnotes":""},"_links":{"self":[{"href":"https:\/\/muehlenmuseum-steinmuehle.de\/index.php?rest_route=\/wp\/v2\/pages\/48"}],"collection":[{"href":"https:\/\/muehlenmuseum-steinmuehle.de\/index.php?rest_route=\/wp\/v2\/pages"}],"about":[{"href":"https:\/\/muehlenmuseum-steinmuehle.de\/index.php?rest_route=\/wp\/v2\/types\/page"}],"author":[{"embeddable":true,"href":"https:\/\/muehlenmuseum-steinmuehle.de\/index.php?rest_route=\/wp\/v2\/users\/1"}],"replies":[{"embeddable":true,"href":"https:\/\/muehlenmuseum-steinmuehle.de\/index.php?rest_route=%2Fwp%2Fv2%2Fcomments&post=48"}],"version-history":[{"count":2,"href":"https:\/\/muehlenmuseum-steinmuehle.de\/index.php?rest_route=\/wp\/v2\/pages\/48\/revisions"}],"predecessor-version":[{"id":50,"href":"https:\/\/muehlenmuseum-steinmuehle.de\/index.php?rest_route=\/wp\/v2\/pages\/48\/revisions\/50"}],"wp:attachment":[{"href":"https:\/\/muehlenmuseum-steinmuehle.de\/index.php?rest_route=%2Fwp%2Fv2%2Fmedia&parent=48"}],"curies":[{"name":"wp","href":"https:\/\/api.w.org\/{rel}","templated":true}]}}